e the highest common divisor of p and d.
17
Let t be 1 + (-4)/(32/(-1576)). Let k(q) = 3*q + 21. Let o be k(11). Calculate the greatest common divisor of o and t.
18
Suppose 19*j - 6547 = -5*j - 67. What is the greatest common factor of 2214 and j?
54
Suppose -5*o = -5, 5*w - 3*o = -4*o + 3116. What is the highest common factor of 7 and w?
7
Suppose 130*a + 19*a + 60*a = 21318. Calculate the greatest common factor of a and 114.
6
Let i = -22345 + 22555. Calculate the highest common divisor of i and 1540.
70
Let c be 2 + -3 - -3*243. Suppose 0 = -10*t + 9*t + 6. Suppose t*i = -7*i + c. Calculate the greatest common divisor of i and 8.
8
Suppose 0 = -5*c + 5*d - 207 + 897, -5*c = -3*d - 678. What is the greatest common factor of c and 594?
66
Let p = -680 - -1365. Suppose 5*j + 681 = 5*o + 2*j, -5*o + 5*j = -p. Calculate the highest common divisor of o and 15.
15
Suppose -110 = 82*w - 93*w. Suppose 12*c - w*c - 2 = 0, 3908 = 5*a - 2*c. What is the highest common factor of a and 23?
23
Suppose 0 = 61*k - 12*k - 6909. Suppose 23*v + 188 = 25*v. What is the greatest common divisor of k and v?
47
Suppose 2*h = -4*k + 5*h + 165, 0 = h - 5. Suppose -5*b + 1571 = 2*w, 0 = 18*b - 14*b - 4*w - 1268. What is the greatest common divisor of k and b?
45
Let g(t) = t**3 + 2*t**2 - t + 318. Let x be g(0). Let s = -315 + x. Let c be 2/5 - (-26)/10. What is the greatest common factor of s and c?
3
Suppose -18211 - 3305 = -163*f. What is the highest common divisor of f and 348?
12
Suppose -u + 5*j = -18, -16*j - 9 = u - 12*j. Let g be u - (-678 - 5)/(4/4). What is the highest common factor of 14 and g?
14
Suppose -2*h + 790 = -4*p, -5*h = 2*p - 1122 - 925. Calculate the highest common factor of 264 and h.
11
Suppose -6*p - 3 = -3. Let r be (-2)/(3/(p - (-27)/(-6))). Suppose z - 10 = -r*f, 5*z - z + f = 18. What is the greatest common factor of 36 and z?
4
Let l = 787 - 783. Let r(m) be the first derivative of m**4/4 - 4*m**3/3 + 5*m**2 - 4*m - 1. Let w be r(l). Calculate the greatest common factor of w and 27.
9
Let y(j) = 107*j - 928. Let z be y(27). Calculate the greatest common factor of 159 and z.
53
Let z = 0 - -22. Suppose 46326 = 122*l - 31510. What is the greatest common divisor of l and z?
22
Suppose 17*v = 917 + 1004. Let g = -95 + v. What is the greatest common factor of g and 171?
9
Let z = 8095 + -4970. What is the highest common factor of z and 5?
5
Suppose -5*m - 4*x + 220 = 0, -60*m - 4*x = -59*m - 44. What is the greatest common factor of 2266 and m?
22
Let t(p) = 405*p + 817. Let x be t(-2). Calculate the greatest common factor of x and 10787.
7
Let d(q) = 6*q - 5*q + 8*q - 30 - 3*q + 7*q. Let i be d(3). Calculate the highest common divisor of i and 30.
3
Let a be (((-943)/(-69))/41)/(((-3)/1)/(-5589)). Calculate the greatest common factor of 3159 and a.
27
Suppose 73*r - 4608 = -2199. What is the greatest common factor of 51 and r?
3
Suppose 56*z - 79*z = -72*z + 380730. What is the greatest common factor of z and 1850?
370
Suppose 29*a + 1121 = 26*a + 2*u, -2*u = 5*a + 1879. Let t = a + 378. Calculate the highest common factor of 15 and t.
3
Suppose -100*a = 172*a + 46*a - 11766. What is the highest common divisor of a and 3589?
37
Suppose -235 = -j + h, 190*j = 186*j - h + 940. What is the greatest common divisor of j and 5123?
47
Suppose -n = x + 1, -5*x + 5*n = -8 - 7. Let h be (x/3)/(3056/(-612) + 5). Let y be 3/(-7) - (-4296)/28. Calculate the highest common factor of y and h.
51
Suppose -5*l + 4*l + 3*d = 600, 2*l - 3*d + 1209 = 0. Let j = -539 - l. What is the greatest common factor of j and 182?
14
Let o(h) = 8*h**2 + 35*h + 131. Let w be o(-9). What is the greatest common divisor of w and 32?
16
Let t(p) = -3527*p - 7406. Let j be t(-3). What is the greatest common factor of 381 and j?
127
Suppose w + 0*w - 118 = 0. Suppose -g - r + w = 0, 4*g = g + 5*r + 330. Let b = -1467 - -1472. Calculate the highest common divisor of b and g.
5
Let i(c) = c**3 - 19*c**2 + 9*c - 78. Let g be i(18). Let p be ((504/(-10))/(-2))/((-72)/g). What is the highest common divisor of 36 and p?
12
Let w = -68 - -132. Let k be 154 + 30/(-10) + 1 + -26 + 18. Calculate the greatest common factor of k and w.
16
Let q(k) = -13*k**2 - 197*k - 84. Let b be q(-6). Calculate the greatest common factor of b and 70.
70
Let p be 1 + 8/(-10) - (-234)/30. Suppose 5*j - 22 = p. Let z(g) = 18*g + 12. Let b be z(j). Calculate the greatest common factor of 8 and b.
8
Let c be -6*(28/3)/(-7). Let y be 2/c + (-8)/32. Let s be -3 - (y - 10) - 1. Calculate the greatest common factor of s and 66.
6
Let m be -8 - -36 - (-12)/(-2). Suppose r + 3*o = 31, 4 = r + 2*o - m. Calculate the greatest common divisor of r and 6.
2
Let n be (221/(-3))/(1/6). Let r be ((-3)/2)/(39/n). Suppose -j + 114 = -4*z - 85, 5*z + 576 = 3*j. What is the greatest common divisor of r and j?
17
Suppose 0 = 2*v - 2*h - 2, 4*h - 1 - 3 = 0. Suppose 4*c = -4*l + 88, -3*l + 28 = -v*c - 28. What is the greatest common divisor of l and 12?
4
Let w = 111 + -99. Let v = 7 + 845. Calculate the highest common factor of w and v.
12
Let j = 6986 - 6934. What is the highest common divisor of 80 and j?
4
Let s(a) = 480*a**3 - a**2 + 4*a - 3. Let p be s(1). Let n = p - 5. Calculate the greatest common factor of 25 and n.
25
Suppose -17 = -10*g + 3. Let f be -2 + (-4 + 9/g)*10. Suppose f*o = 2*d - 26, d = 4*d - 4*o - 39. Calculate the greatest common divisor of d and 26.
13
Suppose -762*t + 3540 = -759*t - 5*h, -3*h = -3*t + 3540. What is the greatest common divisor of 430 and t?
10
Let j = -12989 + 13039. Calculate the greatest common divisor of j and 1825.
25
Let h(y) = -y**3 - 18*y**2 + 3367*y - 153. Let q be h(-68). Calculate the highest common divisor of 1353 and q.
123
Suppose 232*u - 12450 = 18406. Calculate the highest common divisor of 1672 and u.
19
Let h be (-282)/(-36) - 5 - (-2)/12. Suppose 6*q = -2*u - q + 203, 0 = -u - h*q + 103. What is the greatest common factor of 80 and u?
16
Let c(q) = 2*q**3 - 16*q**2 + 3*q - 10. Let f be c(8). Let m be (-36)/f*(-4704)/63. Calculate the highest common factor of 24 and m.
24
Let k = 812 - 522. Suppose -3*a + k = -304. Suppose -a = -y - 2*y. Calculate the greatest common divisor of 6 and y.
6
Let n(x) = -2*x**2 - x + 68. Let o be n(-4). Calculate the highest common divisor of o and 1190.
10
Suppose -7*g + 148 = 3*f - 110, 0 = f + 2*g - 84. What is the greatest common factor of 828 and f?
36
Let y(b) = 2*b**2 - 16*b - 72. Let j be y(-4). What is the greatest common divisor of j and 872?
8
Let u(p) = -p**3 - 18*p**2 - 5*p - 8. Let d be u(-18). Let b = -16 + 21. Let w be b/(-2)*(2 + -84). What is the greatest common factor of w and d?
41
Suppose 4*o - 25 = -v, 5*o - 3*v = 7 + 3. Suppose 0 = -2*y + o*f - 11, 2*f - 2 - 2 = y. Calculate the highest common divisor of 164 and y.
2
Let l be 108*((-156)/36 - -5). What is the greatest common factor of l and 36?
36
Let o be ((-32)/(-64))/(2/(-24)). Let h be (-4)/(-20) + 69/(-30)*o. What is the highest common divisor of h and 12?
2
Let h be 15/(-25) - (-92)/20. Suppose 2*q - 244 = -3*w, -3*w + 5*w = -3*q + 356. Let i = -64 + q. What is the highest common factor of i and h?
4
Suppose -20*q - 18*q + 81460 = -4496. What is the greatest common divisor of q and 546?
78
Let l(b) = 12*b - 168. Let f(a) = -6*a + 85. Let k(x) = -9*f(x) - 5*l(x). Let z be k(12). Calculate the greatest common factor of z and 12.
3
Let b(c) = -3*c**2 + 20*c + 12. Let l be b(12). Let k be 36/l - (-476)/5. Calculate the highest common divisor of 76 and k.
19
Let m(w) = 7*w**2 - 36*w + 425. Let u be m(-25). What is the highest common factor of 57 and u?
57
Let k = -21001 - -21012. What is the highest common factor of 179 and k?
1
Suppose 4*h - 3 = 5*h, -h = 5*w + 8. Let s(o) = 329*o**2 - o. Let a be s(w). Suppose 2*f - a = -f. Calculate the greatest common factor of f and 10.
10
Let c = -8880 - -8904. Calculate the greatest common divisor of c and 7068.
12
Let n(l) = 4*l**2 + 5*l + 5. Let d be n(-1). Suppose j = t - d*j - 130, 5*t - 672 = 3*j. What is the highest common divisor of 243 and t?
27
Let h be 579 + (-253)/(-23) - (0 - 0). What is the highest common factor of h and 472?
118
Suppose 0 = -20*u + 780 + 820. Let x(i) = i**3 + i**2 - 4*i - 4. Let k = 43 - 4